{"id":1388,"date":"2026-01-22T18:28:18","date_gmt":"2026-01-22T18:28:18","guid":{"rendered":"https:\/\/sipeia.it\/?page_id=1388"},"modified":"2026-01-31T17:00:04","modified_gmt":"2026-01-31T17:00:04","slug":"convegno-sipeia-2026-approfondimenti","status":"publish","type":"page","link":"https:\/\/sipeia.it\/?page_id=1388","title":{"rendered":"Convegno SIpEIA 2026 &#8211; Approfondimenti"},"content":{"rendered":"\n<div class=\"wp-block-media-text is-stacked-on-mobile is-vertically-aligned-center\" style=\"grid-template-columns:22% auto\"><figure class=\"wp-block-media-text__media\"><img decoding=\"async\" loading=\"lazy\" width=\"181\" height=\"200\" src=\"https:\/\/sipeia.it\/wp-content\/uploads\/2026\/01\/Logo-SIpEIA.jpeg\" alt=\"\" class=\"wp-image-1340 size-full\"\/><\/figure><div class=\"wp-block-media-text__content\">\n<p class=\"has-medium-font-size\"><a href=\"https:\/\/sipeia.it\/?page_id=1483\">Panel Societ\u00e0 e democrazia<\/a><\/p>\n<\/div><\/div>\n\n\n\n<div style=\"height:20px\" aria-hidden=\"true\" class=\"wp-block-spacer\"><\/div>\n\n\n\n<div class=\"wp-block-media-text is-stacked-on-mobile is-vertically-aligned-center\" style=\"grid-template-columns:22% auto\"><figure class=\"wp-block-media-text__media\"><img decoding=\"async\" loading=\"lazy\" width=\"181\" height=\"200\" src=\"https:\/\/sipeia.it\/wp-content\/uploads\/2026\/01\/Logo-SIpEIA.jpeg\" alt=\"\" class=\"wp-image-1340 size-full\"\/><\/figure><div class=\"wp-block-media-text__content\">\n<p class=\"has-medium-font-size\"><a href=\"https:\/\/sipeia.it\/?page_id=1481\">Panel Responsabilit\u00e0 e cura<\/a><\/p>\n<\/div><\/div>\n\n\n\n<div style=\"height:20px\" aria-hidden=\"true\" class=\"wp-block-spacer\"><\/div>\n\n\n\n<div class=\"wp-block-media-text is-stacked-on-mobile is-vertically-aligned-center\" style=\"grid-template-columns:22% auto\"><figure class=\"wp-block-media-text__media\"><img decoding=\"async\" loading=\"lazy\" width=\"181\" height=\"200\" src=\"https:\/\/sipeia.it\/wp-content\/uploads\/2026\/01\/Logo-SIpEIA.jpeg\" alt=\"\" class=\"wp-image-1340 size-full\"\/><\/figure><div class=\"wp-block-media-text__content\">\n<p class=\"has-medium-font-size\"><a href=\"https:\/\/sipeia.it\/?page_id=1478\">Panel Educazione e sostenibilit\u00e0<\/a><\/p>\n<\/div><\/div>\n\n\n\n<div style=\"height:20px\" aria-hidden=\"true\" class=\"wp-block-spacer\"><\/div>\n\n\n\n<div class=\"wp-block-media-text is-stacked-on-mobile is-vertically-aligned-center\" style=\"grid-template-columns:22% auto\"><figure class=\"wp-block-media-text__media\"><img decoding=\"async\" loading=\"lazy\" width=\"181\" height=\"200\" src=\"https:\/\/sipeia.it\/wp-content\/uploads\/2026\/01\/Logo-SIpEIA.jpeg\" alt=\"\" class=\"wp-image-1340 size-full\"\/><\/figure><div class=\"wp-block-media-text__content\">\n<p class=\"has-medium-font-size\"><a href=\"https:\/\/sipeia.it\/?page_id=1396\">Panel Creativit\u00e0 e immaginario<\/a><\/p>\n<\/div><\/div>\n\n\n\n<div style=\"height:20px\" aria-hidden=\"true\" class=\"wp-block-spacer\"><\/div>\n\n\n\n<div class=\"wp-block-media-text is-stacked-on-mobile is-vertically-aligned-center\" style=\"grid-template-columns:22% auto\"><figure class=\"wp-block-media-text__media\"><img decoding=\"async\" loading=\"lazy\" width=\"181\" height=\"200\" src=\"https:\/\/sipeia.it\/wp-content\/uploads\/2026\/01\/Logo-SIpEIA.jpeg\" alt=\"\" class=\"wp-image-1340 size-full\"\/><\/figure><div class=\"wp-block-media-text__content\">\n<p class=\"has-medium-font-size\"><a href=\"https:\/\/sipeia.it\/?page_id=1385(opens in a new tab)\">Keynote Speakers<\/a><\/p>\n<\/div><\/div>\n","protected":false},"excerpt":{"rendered":"<p>Panel Societ\u00e0 e democrazia Panel Responsabilit\u00e0 e cura Panel Educazione e sostenibilit\u00e0 Panel Creativit\u00e0 e immaginario Keynote Speakers<\/p>\n","protected":false},"author":5,"featured_media":0,"parent":0,"menu_order":0,"comment_status":"closed","ping_status":"closed","template":"","meta":{"footnotes":""},"_links":{"self":[{"href":"https:\/\/sipeia.it\/index.php?rest_route=\/wp\/v2\/pages\/1388"}],"collection":[{"href":"https:\/\/sipeia.it\/index.php?rest_route=\/wp\/v2\/pages"}],"about":[{"href":"https:\/\/sipeia.it\/index.php?rest_route=\/wp\/v2\/types\/page"}],"author":[{"embeddable":true,"href":"https:\/\/sipeia.it\/index.php?rest_route=\/wp\/v2\/users\/5"}],"replies":[{"embeddable":true,"href":"https:\/\/sipeia.it\/index.php?rest_route=%2Fwp%2Fv2%2Fcomments&post=1388"}],"version-history":[{"count":4,"href":"https:\/\/sipeia.it\/index.php?rest_route=\/wp\/v2\/pages\/1388\/revisions"}],"predecessor-version":[{"id":1486,"href":"https:\/\/sipeia.it\/index.php?rest_route=\/wp\/v2\/pages\/1388\/revisions\/1486"}],"wp:attachment":[{"href":"https:\/\/sipeia.it\/index.php?rest_route=%2Fwp%2Fv2%2Fmedia&parent=1388"}],"curies":[{"name":"wp","href":"https:\/\/api.w.org\/{rel}","templated":true}]}}