{"id":402,"date":"2023-08-11T05:41:40","date_gmt":"2023-08-11T05:41:40","guid":{"rendered":"https:\/\/sipeia.it\/?page_id=402"},"modified":"2025-04-15T12:20:44","modified_gmt":"2025-04-15T12:20:44","slug":"corso-di-dottorato-in-inglese-e-online-ethics-and-ai-tenuto-da-sipeia","status":"publish","type":"page","link":"https:\/\/sipeia.it\/?page_id=402","title":{"rendered":"Corso di dottorato in Inglese e online \u201cEthics and AI\u201d tenuto da SIpEIA"},"content":{"rendered":"\n<p>La Societ\u00e0 Italiana per l&#8217;Etica dell&#8217;IA (www.sipeia.it) sta organizzando corsi di dottorato online su \u201cEtica e AI\u201d in lingua inglese offerti a diversi dottorati.<\/p>\n\n\n\n<p><strong>Edition 2025<\/strong><\/p>\n\n\n\n<p><strong>Abstract<\/strong>:<\/p>\n\n\n\n<p>This interdisciplinary&nbsp;course coorganized with <a href=\"https:\/\/www.i-aida.org\/course\/ethics-and-ai\/\">AIDA <\/a>intends to provide a brief overview of the main ethical issues concerning AI from an interdisciplinary perspective. The starting point is the clarification of what an \u201cethics\u201d is, so as to offer the reference coordinates of the discourse, which is then articulated in the analyzes by way of examples of specific issues in the different directions. In particular, issues relating to the impact that AI has and will increasingly have on social life are examined, especially concerning the problem of biases&nbsp;and of generative AI; the interconnections with medicine and health care; the methods of legal regulation,&nbsp;such as the AI Act of the EU.<\/p>\n\n\n\n<p><strong>Teachers<\/strong>:<\/p>\n\n\n\n<p>Maurizio Mori, Consulta di Bioetica Onlus<\/p>\n\n\n\n<p>Tiziana Catarci, DIAG, Universit\u00e0 la Sapienza Roma<\/p>\n\n\n\n<p>Giovanni Sartor, CIRSFID, Universit\u00e0 di Bologna<\/p>\n\n\n\n<p>Guido Boella, Dipartimento di Informatica, Universit\u00e0 di Torino<\/p>\n\n\n\n<p><strong><a href=\"https:\/\/sipeia.it\/?p=794\">Ioannis Pitas<\/a><\/strong>, Chair of the International AI Doctoral Academy (<a href=\"https:\/\/www.i-aida.org\/course\/ethics-and-ai\/\">AIDA<\/a>)<\/p>\n\n\n\n<p><strong><\/strong><strong>Intended Audience:<\/strong><\/p>\n\n\n\n<p>PhD students at various stages of their programs, as well as any interested scholars and members of the general public.<\/p>\n\n\n\n<p><strong>Programme<\/strong>:<\/p>\n\n\n\n<p>4 hours:&nbsp;&#8211;&nbsp;Maurizio Mori:&nbsp;Two hours dedicated to outlining a theory of ethics capable of addressing moral analyses of human societies and larger communities. The remaining two hours apply these conceptual tools to analyze the potential interactions between AI and health care.&nbsp;<\/p>\n\n\n\n<p>2 hours&nbsp;&#8211;&nbsp;Tiziana Catarci: Biases in AI<\/p>\n\n\n\n<p>4 hours&nbsp;&#8211;&nbsp;Guido Boella:&nbsp;A comprehensive overview of the various ethical issues related to AI, with reflections on its societal and ethical impact.<\/p>\n\n\n\n<p>4&nbsp;hours&nbsp;&#8211;&nbsp;Giovanni Sartor:&nbsp;A session reflecting on the relationship between AI applications and human rights, discussing implications for data protection and consumer protection, and examining the EU\u2019s AI Act.<\/p>\n\n\n\n<p>1 hour &#8211; Ioannis Pitas: <a href=\"https:\/\/sipeia.it\/?p=798\">AI, War and Geopolitics<\/a>. This lecture explores AI\u2019s impact on defense, warfare, and geopolitics. Global military spending surpassed $2 trillion in 2022, with AI driving the arms race. Lethal Autonomous Weapons (LAWs), like drones, raise ethical and security concerns, while AI-powered cyberwarfare poses severe risks. Geopolitically, the EU remains weak, and the U.S. faces decline, partly due to underestimating China\u2019s AI rise. As global power shifts toward autocratic regimes, democratic nations must collaborate to defend democracy and secure technological leadership.<\/p>\n\n\n\n<p><strong>Schedule<\/strong>:<\/p>\n\n\n\n<p>2\u00a0 April 2025, Wed<strong>\u00a011:00\u00a0<\/strong>\u2013 13:00 CET Guido Boella (<a href=\"https:\/\/www.youtube.com\/watch?v=dLfpWTZkDmw\">recording<\/a><a href=\"https:\/\/unito.webex.com\/unito\/j.php?MTID=m4c241e29abfef28056fc58da5e72343a\">)<\/a><br>9\u00a0\u00a0April 2025, Wed\u00a0<strong>14:00\u00a0<\/strong>\u2013 16:00 CET Tiziana Catarci (<a href=\"https:\/\/www.youtube.com\/watch?v=qDUsB-2rGzg\">recording<\/a>)<br>16 April 2025, Wed 14:00 \u2013 16:00 CET Giovanni Sartor (<a href=\"https:\/\/unito.webex.com\/unito\/j.php?MTID=m1608018e0d3f299021bdbebefe839cd2\">LINK TO FOLLOW THE LESSON<\/a>)<br>23 April 2025, Wed 14:00 \u2013 16:00 CET Giovanni Sartor (<a href=\"https:\/\/unito.webex.com\/unito\/j.php?MTID=me6b30e3f0b409eda10da612403651895\">LINK TO FOLLOW THE LESSON<\/a>)<br>30 April 2025, Wed 14:00 \u2013 16:00 CET Maurizio Mori (<a href=\"https:\/\/unito.webex.com\/unito\/j.php?MTID=m3826c1eed476e104c4de7ddb94e5d49b\">LINK TO FOLLOW THE LESSON<\/a>)<br>7\u00a0\u00a0May 2025, Wed 14:00 \u2013 16:00 CET Maurizio Mori (<a href=\"https:\/\/unito.webex.com\/unito\/j.php?MTID=mb490b10f6790b3ca85f7ad0e77927ab6\">LINK TO FOLLOW THE LESSON<\/a>)<br>14 May 2025, Wed\u00a0<strong>11:00<\/strong>\u00a0\u2013 12:00 CET Guido Boella (<a href=\"https:\/\/unito.webex.com\/unito\/j.php?MTID=m5e3942176dd3824d18b10998f7e7a809\">LINK TO FOLLOW THE LESSON<\/a>)<br>14 May 2025, Wed\u00a0<strong>12:00<\/strong>\u00a0\u2013 13:00 CET Ioannis Pitas (SAME LINK AS ABOVE)<br>21 May 2025, Wed 11:00 \u2013 13:00 CET Guido Boella (<a href=\"https:\/\/unito.webex.com\/unito\/j.php?MTID=mce659ff396eb1525f9482420338a60d9\">LINK TO FOLLOW THE LESSON<\/a>)<\/p>\n\n\n\n<p><strong>Registration:<\/strong><\/p>\n\n\n\n<p>To register for the course students please fill out&nbsp;<a href=\"https:\/\/docs.google.com\/forms\/d\/e\/1FAIpQLScJAn0CKu1Zrtc7s98oOqTeO1ZJE31v8g5j4FitD_ed_4bpRA\/viewform?usp=sharing\" target=\"_blank\" rel=\"noreferrer noopener\">this brief form<\/a>.&nbsp;<\/p>\n\n\n\n<p><strong>Course costs:<\/strong><\/p>\n\n\n\n<p>For <a href=\"https:\/\/www.i-aida.org\/course\/ethics-and-ai\/\">AIDA<\/a> students: <strong>free.<\/strong><br>For students enrolled outside Italy:&nbsp;<strong>free<\/strong>.<br>For students in Italy&nbsp;who require&nbsp;a certificate of attendance and\/or exam: free for those who&nbsp;<a rel=\"noreferrer noopener\" href=\"https:\/\/sipeia.it\/?page_id=355&amp;lang=en\" target=\"_blank\"><strong>subscribe<\/strong>&nbsp;to Italian Society for Ethics of AI&nbsp;SIpEIA<\/a>.<\/p>\n\n\n\n<p><strong>Free&nbsp;<\/strong>for non PhD students.<\/p>\n\n\n\n<p><em><a rel=\"noreferrer noopener\" href=\"https:\/\/sipeia.it\/?page_id=355&amp;lang=en\" target=\"_blank\">Subscriptions to SIpEIA<\/a>&nbsp;are welcome in all cases to support our activities.<\/em><\/p>\n\n\n\n<p>If you are an AIDA Student already, please:<br>a) register with<a href=\"https:\/\/docs.google.com\/forms\/d\/e\/1FAIpQLScJAn0CKu1Zrtc7s98oOqTeO1ZJE31v8g5j4FitD_ed_4bpRA\/viewform?usp=sharing\"> this form<br><\/a>AND<br>b) also <a href=\"https:\/\/www.i-aida.org\/course\/ethics-and-ai\/\">enroll in the same course in the AIDA system<\/a><br>in order for this course to be<br>included on your AIDA Course Attendance Certificate.<\/p>\n\n\n\n<p>If you are not an AIDA Student, follow only the instructions in step (a).<br>*AIDA Students should have been registered in the AIDA system already (they are PhD students or PostDocs that belong only to the AIDA Members list).<\/p>\n\n\n\n<p><strong>Modality<\/strong>:<\/p>\n\n\n\n<p>This online course is conducted entirely in English. Each session will be broadcast live, recorded, and subsequently published on&nbsp;<a href=\"https:\/\/www.youtube.com\/@sipeia5193\" target=\"_blank\" rel=\"noreferrer noopener\">SIpEIA&#8217;s&nbsp;video channel<\/a>.&nbsp;Registered users will receive connection links, which will also be available on the&nbsp;<a href=\"https:\/\/sipeia.it\/?page_id=204&amp;lang=en\" target=\"_blank\" rel=\"noreferrer noopener\">SIpEIA&nbsp;course&nbsp;website<\/a>.&nbsp;Please note that live attendance is mandatory for those&nbsp;wishing to take the exam\u2014simply watching the recordings will not suffice.<\/p>\n\n\n\n<p><strong>Exam modality<\/strong>&nbsp;(for those who&nbsp;wishing to take the exam):<\/p>\n\n\n\n<p>Submit an article (approximately 5000 characters) in either English or Italian on a topic addressing the ethical aspects or societal impact of AI, drawing on your research experience. Your piece should be accessible to a broad audience\u2014including those without a technical background\u2014and should engage readers with thoughtful insights and clear language. Best submissions will be featured in our&nbsp;<strong>Magazine Intelligenza Artificiale<\/strong><a rel=\"noreferrer noopener\" href=\"http:\/\/magia.news\/\" target=\"_blank\"> <\/a><a rel=\"noreferrer noopener\" href=\"http:\/\/magia.news\/\" target=\"_blank\">magia.news<\/a>.<\/p>\n\n\n\n<p><strong>Prerequisites:<\/strong><\/p>\n\n\n\n<p>No prior technical or philosophical knowledge is required to attend the course.<\/p>\n\n\n\n<p><strong>Credits and Hours:<\/strong><\/p>\n\n\n\n<p>16 hours of online lectures are offered, with the possibility to earn 1.5 credits (subject to the rules of each PhD programme).<\/p>\n\n\n\n<p>For more information write to info@sipeia.it<\/p>\n\n\n\n<hr class=\"wp-block-separator has-alpha-channel-opacity\"\/>\n\n\n\n<h2 class=\"wp-block-heading\"><strong>Edizione 2023<\/strong><\/h2>\n\n\n\n<p>Abstract:<\/p>\n\n\n\n<p>Il corso online in Inglese intende fornire una breve panoramica delle principali questioni etiche riguardanti l&#8217;IA in una prospettiva interdisciplinare. Il punto di partenza \u00e8 la precisazione di cosa sia un&#8217;\u201cetica\u201d, in modo da offrire le coordinate di riferimento del discorso, che poi si articola nelle analisi attraverso esempi di questioni specifiche nelle diverse direzioni. In particolare vengono esaminate le questioni relative all&#8217;impatto che l&#8217;AI ha e avr\u00e0 sempre pi\u00f9 sulla  societ\u00e0, con particolare riferimento al problema dei bias; le interconnessioni con la medicina e la sanit\u00e0; i metodi di regolazione giuridica.<\/p>\n\n\n\n<p>Insegnanti:<\/p>\n\n\n\n<p>Maurizio Mori; Consulta di Bioetica Onlus<\/p>\n\n\n\n<p>Tiziana Catarci; DIAG, Universit\u00e0 la Sapienza Roma<\/p>\n\n\n\n<p>Giovanni Sartor; CIRSFID, Universit\u00e0 di Bologna<\/p>\n\n\n\n<p>Guido Boella; Dipartimento di Informatica, Universit\u00e0 di Torino<\/p>\n\n\n\n<p>Destinatari: dottorandi nelle diverse fasi del proprio corso di dottorato. Aperto a tutti gli altri studiosi.<\/p>\n\n\n\n<p>Programma:<\/p>\n\n\n\n<p>4 ore: Maurizio Mori: Le prime due ore sono dedicate a delineare una teoria dell&#8217;etica capace di rendere conto delle analisi morali per le societ\u00e0 umane e anche per le societ\u00e0 pi\u00f9 grandi. Le altre due ore cercano di applicare gli strumenti concettuali acquisiti per un&#8217;analisi morale delle possibili interazioni tra IA e sanit\u00e0.<\/p>\n\n\n\n<p>2 ore: Tiziana Catarci: I pregiudizi nell&#8217;IA<\/p>\n\n\n\n<p>4 ore: Guido Boella: Panorama delle diverse questioni etiche dell&#8217;IA. Riflessione sull&#8217;impatto dell&#8217;IA nella societ\u00e0 e nell&#8217;etica.<\/p>\n\n\n\n<p>2 ore: Giovanni Sartor: Dall&#8217;etica al diritto. Riflessione sul rapporto tra applicazioni di intelligenza artificiale e diritti umani. Implicazioni per la protezione dei dati e la protezione dei consumatori.<\/p>\n\n\n\n<p><strong><a href=\"https:\/\/unito.webex.com\/unito\/j.php?MTID=m3534be09003648459fde1c64f9c93ca8\">Link<\/a> per connettersi a tutte le lezioni<\/strong><\/p>\n\n\n\n<p><strong>Programma<\/strong>: (<a href=\"https:\/\/calendar.google.com\/calendar\/embed?src=c_7a499dda175b5bd3952092f7e92d39c12e3d69ed8840d304bdf72e2084bb0cae%40group.calendar.google.com&amp;ctz=Europe%2FRome\">link al calendario<\/a>)<\/p>\n\n\n\n<p>Mer 4\/10\/2023 h9.00-11.00 Guido Boella (<a href=\"https:\/\/youtu.be\/WlkHcP85Jio\">registrazione<\/a>)<\/p>\n\n\n\n<p>Mer 11\/10\/2023 h9.00-11.00 Maurizio Mori (<a href=\"https:\/\/www.youtube.com\/watch?v=r9tPJO5BnBY&amp;t=63s\">registrazione<\/a>)<\/p>\n\n\n\n<p>Mer 18\/10\/2023 h9.00-11.00 Tiziana Catarci  (<a href=\"https:\/\/youtu.be\/VjLKJxWCLRY\">registrazione<\/a>)<\/p>\n\n\n\n<p>Mer 25\/10\/2023 h9.00-11.00 Guido Boella (<a href=\"https:\/\/youtu.be\/x3ah26NQn7o\">registrazione<\/a>)<\/p>\n\n\n\n<p>Mer 8\/11\/2023 h9.00-11.00 Maurizio Mori (<a href=\"https:\/\/youtu.be\/MlmsqOLVDTI\" data-type=\"link\" data-id=\"https:\/\/youtu.be\/MlmsqOLVDTI\">registrazione<\/a>)<\/p>\n\n\n\n<p>Mer 15\/11\/2023 h9.00-11.00 Giovanni Sartor (<a href=\"https:\/\/youtu.be\/NIfZ3ld9bE4\">registrazione<\/a>)<\/p>\n\n\n\n<p>Modalit\u00e0:<\/p>\n\n\n\n<p>Online. Le lezioni saranno registrate e pubblicate sul sito web della SIpEIA. I link per i collegamenti verranno comunicati in seguito<\/p>\n\n\n\n<p><a href=\"https:\/\/sipeia.it\/?p=388&amp;lang=it\"><\/a><\/p>\n\n\n\n<hr class=\"wp-block-separator has-alpha-channel-opacity\"\/>\n\n\n\n<h2 class=\"wp-block-heading\">Edizione 2021<\/h2>\n\n\n\n<p>Abstract:<\/p>\n\n\n\n<p>Il mini-corso intende fornire una breve panoramica delle principali questioni etiche riguardanti l&#8217;IA da una prospettiva interdisciplinare. Il punto di partenza \u00e8 la precisazione di cosa sia un'&#8221;etica&#8221;, in modo da offrire le coordinate di riferimento del discorso, che poi si articola nelle analisi attraverso esempi di questioni specifiche nelle diverse direzioni. In particolare vengono esaminate le questioni relative all&#8217;impatto che l&#8217;IA ha e avr\u00e0 sempre pi\u00f9 sulla vita sociale; le interconnessioni con la medicina e la sanit\u00e0; i metodi di regolazione giuridica.<\/p>\n\n\n\n<p>Insegnanti:<\/p>\n\n\n\n<p>Maurizio Mori; Dipartimento di Filosofia e Scienze dell&#8217;Educazione; Unito.<\/p>\n\n\n\n<p>Guido Boella; Dipartimento di Informatica, Unito.<\/p>\n\n\n\n<p>Giovanni Sartore; CIRSFIDO, Unibo.<\/p>\n\n\n\n<p>Destinatari: dottorandi nelle diverse fasi del proprio corso di dottorato, in particolare:<\/p>\n\n\n\n<p>Dottorato in Informatica e Matematica dell&#8217;Universit\u00e0 degli Studi di Bari Aldo Moro<\/p>\n\n\n\n<p>Dottorato in Informatica dell&#8217;Universit\u00e0 di Torino<\/p>\n\n\n\n<p>Dottorato di ingegneria informatica, Universit\u00e0 di Roma La Sapienza<\/p>\n\n\n\n<p>Programma:<\/p>\n\n\n\n<p>4 ore: Maurizio Mori: Le prime due ore sono dedicate a delineare una teoria dell&#8217;etica capace di rendere conto delle analisi morali per le societ\u00e0 umane e anche per le societ\u00e0 pi\u00f9 grandi. Le altre due ore cercano di applicare gli strumenti concettuali acquisiti per un&#8217;analisi morale delle possibili interazioni tra IA e sanit\u00e0.<\/p>\n\n\n\n<p>2 ore: Guido Boella: Panorama delle diverse questioni etiche dell&#8217;IA. Riflessione sull&#8217;impatto dell&#8217;IA nella societ\u00e0 e nell&#8217;etica.<\/p>\n\n\n\n<p>2 ore: Giovanni Sartor: Dall&#8217;etica al diritto. Riflessione sul rapporto tra applicazioni di intelligenza artificiale e diritti umani. Implicazioni per la protezione dei dati e la protezione dei consumatori.<\/p>\n\n\n\n<p>Programma:<\/p>\n\n\n\n<p><a rel=\"noreferrer noopener\" href=\"https:\/\/sipeia.it\/\" data-type=\"page\" data-id=\"48\" target=\"_blank\">3rd June h14.30 Prof. Maurizio Mori: recording<\/a><\/p>\n\n\n\n<p><a href=\"https:\/\/www.youtube.com\/watch?v=tvGcD5Xt3a0\" data-type=\"URL\" data-id=\"https:\/\/www.youtube.com\/watch?v=tvGcD5Xt3a0\">4th June h14.30 Prof. Maurizio Mori: recording<\/a><\/p>\n\n\n\n<p><a href=\"https:\/\/www.youtube.com\/watch?v=adNfsZFousQ&amp;feature=youtu.be\">7th June h14.30 Prof. Guido Boella: recording<\/a><\/p>\n\n\n\n<p><a rel=\"noreferrer noopener\" href=\"https:\/\/youtu.be\/RPnvBo4rbUU\" data-type=\"URL\" data-id=\"https:\/\/youtu.be\/RPnvBo4rbUU\" target=\"_blank\">10th June h14.30 Prof. Giovanni Sartor: recording<\/a><\/p>\n\n\n\n<p>Modalit\u00e0:<\/p>\n\n\n\n<p>in linea. Le lezioni saranno registrate. I link per i collegamenti verranno comunicati in seguito<\/p>\n","protected":false},"excerpt":{"rendered":"<p>La Societ\u00e0 Italiana per l&#8217;Etica dell&#8217;IA (www.sipeia.it) sta organizzando corsi di dottorato online su \u201cEtica e AI\u201d in lingua inglese offerti a diversi dottorati. Edition 2025 Abstract: This interdisciplinary&nbsp;course coorganized with AIDA intends to provide a brief overview of the main ethical issues concerning AI from an interdisciplinary perspective. The starting point is the clarification <a href=\"https:\/\/sipeia.it\/?page_id=402\" class=\"more-link\">[&hellip;]<\/a><\/p>\n","protected":false},"author":2,"featured_media":0,"parent":0,"menu_order":0,"comment_status":"closed","ping_status":"closed","template":"","meta":{"footnotes":""},"_links":{"self":[{"href":"https:\/\/sipeia.it\/index.php?rest_route=\/wp\/v2\/pages\/402"}],"collection":[{"href":"https:\/\/sipeia.it\/index.php?rest_route=\/wp\/v2\/pages"}],"about":[{"href":"https:\/\/sipeia.it\/index.php?rest_route=\/wp\/v2\/types\/page"}],"author":[{"embeddable":true,"href":"https:\/\/sipeia.it\/index.php?rest_route=\/wp\/v2\/users\/2"}],"replies":[{"embeddable":true,"href":"https:\/\/sipeia.it\/index.php?rest_route=%2Fwp%2Fv2%2Fcomments&post=402"}],"version-history":[{"count":27,"href":"https:\/\/sipeia.it\/index.php?rest_route=\/wp\/v2\/pages\/402\/revisions"}],"predecessor-version":[{"id":945,"href":"https:\/\/sipeia.it\/index.php?rest_route=\/wp\/v2\/pages\/402\/revisions\/945"}],"wp:attachment":[{"href":"https:\/\/sipeia.it\/index.php?rest_route=%2Fwp%2Fv2%2Fmedia&parent=402"}],"curies":[{"name":"wp","href":"https:\/\/api.w.org\/{rel}","templated":true}]}}